en 51 is divided by (16/(-36))/(w/(-3))*42.
23
Let a(u) = -4*u**3 - 13*u**2 - 19. Calculate the remainder when a(-5) is divided by 138.
18
Suppose i - 7 = 8*i. Let h be i/1 - (36 - -8). Let b = -24 - h. Calculate the remainder when 79 is divided by b.
16
Let b = -3750 - -3772. Calculate the remainder when 349 is divided by b.
19
Suppose -959 = -20*z - 179. Calculate the remainder when 3819 is divided by z.
36
Let z(g) = 467*g + 13 - 2*g**3 + 473*g - 6*g**2 - 944*g + 3*g**3. Calculate the remainder when 97 is divided by z(7).
29
Suppose 66 - 306 = -60*h. Calculate the remainder when 5027 is divided by h.
3
Suppose 5*g = 441 - 236. Let q = g - -7. What is the remainder when q is divided by 20?
8
Let r(s) = 189*s**2 - s + 43. Suppose 20 = 5*o - 5, 770 = 5*t + o. What is the remainder when t is divided by r(0)?
24
Let o(j) = j**2 - j - 13. Let y be o(5). Suppose -y*q + 220 = -11. What is the remainder when 128 is divided by q?
29
Suppose 51*j - 3873 = 3624. What is the remainder when j is divided by 139?
8
Suppose -3*a + 22 = 2*p - 13, a - 15 = -p. Let z be (-54)/(-24)*((4 - 49) + -3). What is the remainder when 88 is divided by p/(-4)*z/45?
4
Let u(w) = -94*w - 1582. What is the remainder when u(-29) is divided by 50?
44
Let y = -6488 + 6495. Calculate the remainder when 81 is divided by y.
4
Let y(u) = u**2 - 7*u - 25. Let l be y(11). Let c(x) = x**2 - 19*x + 49. Calculate the remainder when 243 is divided by c(l).
47
Suppose -411 = -5*j + 400 - 296. Calculate the remainder when j is divided by 10.
3
Let l(z) = z**3 + 9*z**2 + 19*z + 2. Let y be l(-6). Calculate the remainder when y/((-24)/9) - 14664/(-48) is divided by 39.
34
Suppose 43 = -t + 2*c - 44, -4*c - 421 = 5*t. Let k = -27 - t. Calculate the remainder when 182 is divided by k.
8
Let n = 28945 + -28794. Calculate the remainder when 877 is divided by n.
122
Suppose -332 = 3*x - 950. Suppose -x = -5*y + 4*u, 5*u = 9*u - 4. What is the remainder when 246 is divided by y?
36
Let b = 10989 - 10936. Calculate the remainder when b is divided by 29.
24
What is the remainder when 2043 is divided by (-1)/11 - (-43008)/462?
90
Suppose -2*n + 405 = 3*n. Let w = -28 - 0. Let g = 45 + w. Calculate the remainder when n is divided by g.
13
Let c(m) = -m**3 - 5*m**2 + 8*m + 102. Calculate the remainder when 1423 is divided by c(-5).
59
Suppose -h - 91 = -14*h. Suppose -11*p - h = -73. Let v(q) = -q**3 - 10*q**2 - q - 8. Calculate the remainder when p is divided by v(-10).
0
Let t(w) = 5*w**2 + 108*w + 3. Let x be t(-22). Suppose 0 = 4*v - 3*o - x, 15 = 6*o - o. What is the remainder when 46 is divided by v?
4
Let h(n) = -2*n**3 - 5*n**2 + 4*n + 2. Let a be h(-3). What is the remainder when 17 - a*(3 - 0) is divided by -5*(0 - 1) - -2?
6
Let h(j) = -j**2 - 7*j - 8. Let k be h(-5). What is the remainder when 335 is divided by (182/130)/(k/20)?
13
Let d(a) = a**2 + 3*a + 31. Let j be d(-9). Let b = j - 51. Suppose -x - 2*x - 186 = -5*q, q + x - b = 0. Calculate the remainder when q is divided by 10.
6
Let o(q) = -18*q - 17. Let j(t) = 10*t + 9. Let z(k) = 11*j(k) + 6*o(k). What is the remainder when z(45) is divided by 22?
21
Let a be 6/15 + (-174)/10. Let u = 22 + a. Calculate the remainder when 62 is divided by 1/u + (-832)/(-40).
20
What is the remainder when 137 is divided by ((-320)/112)/(4/(-42))?
17
Suppose 504 = 4*k + 4*s, -2*k - 100*s + 99*s + 247 = 0. Calculate the remainder when 465 is divided by k.
102
Suppose 12*p + 52 = 16*p. Let c(n) = -n**2 + 10*n + 11. Let k be c(p). Let f = k + 74. Calculate the remainder when f is divided by 8.
6
Suppose -2*c = -3*c - 60. Let t = 536 + -457. Let q = t + c. What is the remainder when 92 is divided by q?
16
Suppose -3*u + 5*m = -3, 8*m - 12*m - 4 = -4*u. Let f(l) = 104*l - 42. What is the remainder when 371 is divided by f(u)?
61
Let p = 170 - 28. Suppose 5 - 50 = 3*l. Let d(b) = b**3 + 17*b**2 + 27*b - 16. Calculate the remainder when p is divided by d(l).
26
Suppose -3*d = -0*d - 5*i - 655, 3*i = d - 225. Suppose 5*r - 6*s - d = -3*s, -5*s = -25. Calculate the remainder when r is divided by 12.
9
Let o(p) = -21*p + 2*p**2 + 3*p**3 + 14*p + 2 + 10*p. Calculate the remainder when o(2) is divided by 6.
4
Let x = -7238 - -7262. Calculate the remainder when 842 is divided by x.
2
Suppose -39*h = -43*h - 8, -5*b - 4*h = -77. Calculate the remainder when (2 - -1) + (180 - -3) is divided by b.
16
Let l(m) = m**2 - 58*m + 749. Suppose g = z - 0*g - 7, -8 = -z + 2*g. What is the remainder when l(15) is divided by z?
2
Let w(u) = 2728*u**3 + 2*u**2 + 119*u - 120. What is the remainder when w(1) is divided by 130?
129
Let v = 5488 - 5481. Calculate the remainder when 158 is divided by v.
4
Let i(z) = -z**2 - z + 22. Let g be i(0). Let u = -284 + 313. Suppose -u*x + 35 = -g*x. What is the remainder when 13 is divided by x?
3
Suppose -5*c - 4*y = -9*y - 31795, -y = 3*c - 19081. Calculate the remainder when c is divided by 335.
330
Suppose 4*b - 3474 = 2*g, 2*b + 0*g + g = 1735. What is the remainder when b is divided by 61?
14
Suppose 2*b = -175*p + 171*p + 258, 0 = 5*b - 25. Calculate the remainder when 371 is divided by p.
61
Let u(i) = i**3 + 6*i**2 - 2*i - 3. Suppose -2*d - 4*q = -20, -d + 4*q + 36 = 4*d. Calculate the remainder when ((-6)/(-2) + -5)*(-100)/d is divided by u(-6).
7
Suppose 4*g - 2*q = 0, 5*q - 3*q = 4. What is the remainder when (-2149)/(-42) - 4 - g/6 is divided by 13?
8
Suppose 0 = 18*t + 2*t + 2600. Let u = 150 + t. Calculate the remainder when 72 is divided by u.
12
Let d(r) = 22*r**3 - r**2 + r - 1. Let g be d(1). Suppose 0 = g*f - 17*f - 160. Let y = 386 - 227. Calculate the remainder when y is divided by f.
39
Suppose 2*a + 3*a = -2*i + 5, 2 = i + 2*a. Let c be -1 - i*5/(-25). Let z = 9 - c. Calculate the remainder when 148 is divided by z.
8
Suppose 12*v + 20*v = 18301 + 1443. Calculate the remainder when 1854 is divided by v.
3
Suppose 5*g - 4*g = -4*g. Suppose g = -4*w + 6*w + 2. Let s(t) = 171*t**2 - 5*t - 4. Calculate the remainder when s(w) is divided by 44.
40
Let f(i) be the second derivative of i**3/6 + 3*i**2 - 7*i. What is the remainder when f(6) is divided by (-2 - 4) + -23 + 38?
3
Let q be (69/(-9) - 1)*6. Let t = q - -59. Suppose t = -7*p + 70. What is the remainder when p is divided by 5?
4
Let v = 204 + -128. Let a = 111 + v. What is the remainder when a is divided by 32?
27
Suppose -2*r + 1983 = 3*s + r, -1322 = -2*s - 5*r. Calculate the remainder when s is divided by 29.
23
Let l(r) = -39*r - 23. Let b = -346 - -381. What is the remainder when l(-5) is divided by b?
32
Let m = 8648 - 8632. Calculate the remainder when 16302 is divided by m.
14
Suppose 32*x - 156 = -131 + 679. What is the remainder when x is divided by 7?
1
Suppose -105*j + 110*j - 4*o - 1190 = 0, -5*j + 1190 = 3*o. What is the remainder when 13087 is divided by j?
235
Suppose 3*r - 7 + 16 = 0. What is the remainder when (-300)/(-1) - (-6)/(-1 - r) is divided by 61?
59
Let l(h) be the third derivative of 19*h**6/24 + h**5/60 - h**3/6 - 2*h**2. Let a = 1453 + -1452. What is the remainder when l(a) is divided by 24?
23
Suppose -5*m = 4*d + 15, -6 = -0*d - 3*d + 2*m. What is the remainder when 678 is divided by (10 - 3) + (2 - 1) + d?
6
Let s(u) = -u**3 + 8*u**2 + 32*u - 21. What is the remainder when 254 is divided by s(9)?
68
Let h(f) = -6*f + 112. Let z be h(21). Let a(q) = -q**2 - 14*q + 13. What is the remainder when 61 is divided by a(z)?
9
Let d be 112/(-20)*(0 - (-5)/(-2)). Let z(t) = 4*t + 52. Calculate the remainder when 42/98 + 162/d is divided by z(-11).
4
Let w(d) = 4*d + 83. Let a = 47 - -46. Calculate the remainder when a is divided by w(-9).
46
Let g = 6271 + -6228. Let p(t) be the third derivative of t**4/12 + t**3/2 + 4*t**2. What is the remainder when g is divided by p(4)?
10
Let c = 15427 + -15210. Calculate the remainder when c is divided by 25.
17
What is the remainder when 1445 is divided by (-2968)/(-140) + (-12)/(-15)?
15
Let d be (8 - 2 - 4) + 1. Let y(i) = -13*i**2 - 11*i**2 - i**d + 4 + 23*i**2. What is the remainder when y(-2) is divided by 3?
2
Suppose -2*t - 2*z + 1550 = 0, -4*t + 1729*z + 3091 = 1734*z. What is the remainder when t is divided by 744?
40
Let u(m) = -m + 43 + 5*m**2 - 80 + 55. Let c(r) = -r**2 - r + 10. What